16) is divided by 17?
9
Suppose -3*b - 78 = -3*x, -4*b + 111 - 15 = 4*x. What is the remainder when 649 is divided by x?
24
Suppose -5*u - w + 5467 = 1317, 0 = 3*u - w - 2490. What is the remainder when u is divided by 201?
26
Let g(v) = -3*v**2 + 18. Let b be g(0). Suppose 31*u = 33*u - b. What is the remainder when 215 is divided by u?
8
Suppose 4*f = 2*s - 352, -3*s + 4*f + 619 = 101. Let r(l) = l**3 - 39*l**2 + 360*l + 255. Calculate the remainder when s is divided by r(17).
13
Let o be ((-45)/25)/(6/(-20)). Let w(y) = y**3 - 5*y**2 - 4*y - 1. Calculate the remainder when w(o) is divided by (4/(-18))/((-78)/1404).
3
Let x = -270 - -297. Let a = 162 + -143. What is the remainder when x is divided by a?
8
Let s = 14554 - 14059. Calculate the remainder when 1982 is divided by s.
2
Suppose -4*m = -0*m - 180. Suppose 15 + m = 6*x. Calculate the remainder when 41 is divided by x.
1
Let d be 1 - (8 - 5) - -72. Let x = d - 81. Let j(r) = -r**2 - 12*r - 5. What is the remainder when 17 is divided by j(x)?
5
Suppose 5*s - 27 = -3*j, -3*s - 5*j + 9 = -20. Let d(o) = o**2 - 4 + 6*o + 0*o**2 - o. What is the remainder when 78 is divided by d(s)?
18
Let b = 5656 + -4822. Calculate the remainder when 843 is divided by b.
9
Calculate the remainder when 12/108*-9 + (355 - -3) is divided by 89.
1
Suppose 68*v - 82*v + 868 = 0. What is the remainder when 531 is divided by v?
35
Let y = -18 + 28. Let p = 103995 - 103988. Calculate the remainder when y is divided by p.
3
Let g = -105 + 112. Let b(z) = -z**2 + 14*z - 21. What is the remainder when 79 is divided by b(g)?
23
Let u be (171 + -5)*1/2. Let h = u - 80. Suppose 3*w = r - 2*r + 130, -h*w - 5*r + 122 = 0. What is the remainder when w is divided by 8?
4
Let m = -664 - -1330. Let v = -646 + m. What is the remainder when 37 is divided by v?
17
Let p = -1649 + 2195. What is the remainder when p is divided by 85?
36
Suppose -13*n = 2*s - 18*n - 209, -341 = -4*s - n. Calculate the remainder when 7915 is divided by s.
85
Let n = 13761 + -13625. Let u = -20 + 49. Calculate the remainder when n is divided by u.
20
Let c(x) = -112*x + 496. What is the remainder when c(4) is divided by ((-18)/2)/(2 - 3) + 3?
0
Let g(o) = -3*o - 21. Let q be g(-23). What is the remainder when (-9)/24 + (7794/q - 1) is divided by 35?
21
Suppose -2*o = o + 5*y + 4, 5*y = -2*o - 6. Suppose d + 5 = 2*w, -2*w - 5*d = -o - 9. Calculate the remainder when 1*(-2 + w) + 26 is divided by 6.
3
Let l(c) be the third derivative of c**5/30 + 3*c**4/8 - 95*c**3/6 - 186*c**2. What is the remainder when l(-16) is divided by 92?
89
Calculate the remainder when (30 + 16874/(-77))/((-2)/7) is divided by 197.
71
Let g(r) = 8*r - 3. Calculate the remainder when (-180)/35*(56/24 + -7) is divided by g(2).
11
Let b(c) = 10*c**2 + 13*c - 11. Let j be b(-5). Let q = -152 + j. What is the remainder when q is divided by 4?
2
Let z = -109 - -109. Suppose 3*h - 7*g + 12*g - 139 = z, 0 = -4*h + 5*g + 162. Calculate the remainder when 21*(5 + (-1 - -2)) is divided by h.
40
Suppose 0 = 4*v + 2*i - 518, v + 10*i - 7*i - 132 = 0. What is the remainder when 475 is divided by v?
88
Let r(v) = 19*v**2 + 48*v - 246. Calculate the remainder when 951 is divided by r(5).
13
Suppose 118 = 7*j - 8. What is the remainder when 2624 is divided by j?
14
What is the remainder when 761 is divided by ((-20)/6*-51)/(0 + (-9 - -11))?
81
Let h = -7739 - -8135. What is the remainder when h is divided by 208?
188
Suppose -19*p + 0*p + 1653 = 0. Suppose 12*v = p + 33. Let m = 119 - 51. Calculate the remainder when m is divided by v.
8
Let w(f) = 8*f**3 - 2*f**2 - f + 1. Let q be w(3). Calculate the remainder when 15*(-7 - q/(-20)) is divided by 13.
3
Suppose -507 + 261 = g - 256. Let z = -1 - -2. Suppose g = -3*p + z, 5*b = -p + 432. Calculate the remainder when b is divided by 22.
21
Suppose 12*g + 1116 = 49*g - 19*g. Calculate the remainder when 137 is divided by g.
13
Let a(o) = -o**2 - 5 + 23*o**3 + 17*o**3 - 39*o**3 - 5*o. Calculate the remainder when 37 is divided by a(4).
14
Let t(k) = -k**3 - 42*k**2 + 47*k + 186. Let d be t(-43). Let h(b) = -4*b + 193. What is the remainder when h(d) is divided by 48?
41
Suppose 79*m + 204 = -9*m + 1084. Calculate the remainder when 59 is divided by m.
9
Let t(o) = -4*o**2 - o + 1. Let d be t(-4). Let g = -9886 + 9812. Let z = d - g. Calculate the remainder when 43 is divided by z.
13
Let g be (25/10)/(2/4) - -121. Suppose 50*h - g = -13*h. Calculate the remainder when (-58)/(-8) + 1/(-4) is divided by h.
1
Suppose 6*l + 38 = -178. What is the remainder when 4*-2*657/l is divided by (-4)/(-10) - (-1647)/45?
35
Let s = 96 - 68. Suppose -46*a + 320 = -232. Calculate the remainder when s is divided by a.
4
Let i be (10/3)/((-32)/48). Calculate the remainder when ((-2400)/18)/i + (-4)/(-12) is divided by 15.
12
Suppose -209*u - 30 = -210*u - 2*a, a = -u + 27. Suppose -o = 5*s - 170, o + 821 = 6*o - 4*s. What is the remainder when o is divided by u?
21
Suppose -15*x - 2252 = -2612. What is the remainder when 68 is divided by x?
20
Suppose 3*g + 0*z + 102 = -3*z, 0 = -2*g - z - 65. Let j = 46 + g. Suppose -c = -w - j, -c - 3*w + w = -3. What is the remainder when 60 is divided by c?
5
Let y(a) = -a**3 + 22*a**2 + 48*a + 13. Calculate the remainder when 433 is divided by y(-2).
4
Suppose 170*u - 3847 = 7*u + 65. Calculate the remainder when 2781 is divided by u.
21
Let p = 3223 - 2952. What is the remainder when p is divided by 54?
1
Let c(o) = -1477*o - 1694. Calculate the remainder when c(-7) is divided by 33.
32
Let b = -42 - -30. Let k(a) = 2*a**3 + 23*a**2 - 15*a + 23. What is the remainder when 149 is divided by k(b)?
31
Suppose 2*i + 90 = -0*b + 2*b, -2*b + 44 = -i. Let p = 148 + i. What is the remainder when p is divided by 21?
18
Suppose -2*f + 2*r + 28 = 0, 4*f - 2*r + 5*r - 35 = 0. Suppose 18*g - 1799 = f*g. Calculate the remainder when g is divided by 52.
49
Let d = 80 + -59. Suppose 2*i - 5*v + 2 = d, 13 = -i - 5*v. Calculate the remainder when 13 is divided by 1*i*(-51)/(-34).
1
Let j(p) = p**2 + 6*p - 10*p - 5 + 17*p. Let m be j(-18). Let f = -65 + m. Calculate the remainder when 55 is divided by f.
15
Suppose 0 = -10*b + 16*b - 120. Calculate the remainder when 20/(-110) - 3/(33/(-1058)) is divided by b.
16
Suppose 48*z = -21*z - 53*z + 191784. Calculate the remainder when z is divided by 25.
22
What is the remainder when (-3 - -1244)/((-3)/4 - 217/(-124)) is divided by 111?
20
Let m(o) = 51*o + 368. What is the remainder when m(0) is divided by 98?
74
Suppose -j + 85 = 4*f, -38*f + 36*f + 2*j + 50 = 0. Suppose 3*s - 161 = f*y - 20*y, 2*y + 110 = 2*s. Calculate the remainder when s is divided by 26.
25
Let o(h) = -h**2 - h - 1. Let z(p) = -3*p**2 - 27*p - 8. Let l(g) = o(g) - z(g). Let y = -7815 + 7800. Calculate the remainder when l(y) is divided by 14.
11
Let f(b) = -b**2 + 9*b + 25. Let l = 64 - 21. What is the remainder when l is divided by f(9)?
18
Suppose r = -15*r + 4000. Let v = r - 238. Calculate the remainder when 37 is divided by v.
1
Calculate the remainder when (((-340868)/(-99))/4 - -12) + 2/9 is divided by 94.
27
Let j be (685/(-15)*1)/(1/9). Let o = j + 449. What is the remainder when 65 is divided by o?
27
Suppose -3*j + 2*l + 29 = 0, 3*j - 3*l - 7 = 26. Suppose -1 = b, -j*z = -2*z + 5*b. Calculate the remainder when 263 is divided by 0*z/(-3) + (-6 - -39).
32
Suppose -12*n - 3*n = -150. What is the remainder when 9 is divided by 1*n*(-12)/(-24) - -2?
2
Let o(h) = h**3 - 14*h**2 + 30*h - 61. Let x be -46*(-21)/6 + 1. Suppose 5*t = 2*t + x. Calculate the remainder when t is divided by o(12).
10
Let f(r) = -74*r + 7*r - 93*r + 34*r - 21. Suppose -3*z = -0*z - 54. What is the remainder when f(-1) is divided by z?
15
Let y be (7/(-3) - 2)*(-612)/(-6). Let x = y - -461. Calculate the remainder when 70 is divided by x.
13
Calculate the remainder when 890 is divided by (2364/40 - 3) + -1 + (-180)/(-200).
50
Suppose 2*f - 1848*f = 66*f - 55448. Let s = 86 + 20. Calculate the remainder when s is divided by f.
19
Suppose -2*o - 3*o = -5*l + 115, 2*o = -2*l + 46. What is the remainder when (7 + -11)/((-1)/34) is divided by l?
21
Suppose 9*p + 3*a = 17973, -p + 5*p - a - 7988 = 0. What is the remainder when p is divided by 498?